{"id":199,"date":"2017-09-17T19:51:59","date_gmt":"2017-09-17T17:51:59","guid":{"rendered":"http:\/\/www.singakademie-stuttgart.de\/?page_id=199"},"modified":"2018-02-05T23:19:12","modified_gmt":"2018-02-05T22:19:12","slug":"01-07-2017-kilianskirche-heilbronn","status":"publish","type":"page","link":"https:\/\/www.singakademie-stuttgart.de\/index.php\/konzerte\/01-07-2017-kilianskirche-heilbronn\/","title":{"rendered":"01.07.2017 &#8211; Kilianskirche Heilbronn"},"content":{"rendered":"<div>\n<h2>Which was the son of &#8230;<\/h2>\n<\/div>\n<div>\n<ul>\n<li><b>J.S. Bach<\/b> (1685-1750):<br \/>\n<em>Der Geist hilft unserer Schwachheit auf<\/em> BWV 226<br \/>\nf\u00fcr zwei vierstimmige Ch\u00f6re a capella<br \/>\n<em>Ich lasse dich nicht, du segnest mich denn<\/em><\/li>\n<li><b>Heinrich Sch\u00fctz<\/b>: (1585-1672)<br \/>\n<em>Herr, wenn ich nur dich habe <\/em>SWV 280<br \/>\nf\u00fcr zwei vierstimmige Ch\u00f6re a capella<br \/>\n<em>Deutsches Magnificat<\/em> SWV 494<br \/>\n119. Psalm in 11 St\u00fccken (Opus ultimum)<br \/>\nf\u00fcr zwei vierstimmige Ch\u00f6re a capella<\/li>\n<li><b>P\u0113teris Vasks<\/b> (*1946):<br \/>\n<em>Pater noster<\/em> (1991)<br \/>\nf\u00fcr Chor und Streicher<\/li>\n<li><b>Arvo P\u00e4rt<\/b> (*1935):<br \/>\n<em>Which was the son of \u2026<\/em> (2000)<br \/>\nLk 3, 23-38<br \/>\nf\u00fcr gemischten Chor a cappella<\/li>\n<li><b>Michael Waldenby<\/b> (*1953):<br \/>\n<em>Omnia tempus habent<\/em> opus 49, 3<br \/>\nf\u00fcr achtstimmigen Chor und Cello<\/li>\n<li><b>Ola Gjeilo<\/b> (*1978):<br \/>\n<em>O Magnum Mysterium<\/em><b><br \/>\n<\/b>f\u00fcr achtstimmigen Chor und Cello<\/li>\n<\/ul>\n<\/div>\n","protected":false},"excerpt":{"rendered":"<p>Which was the son of &#8230; J.S. Bach (1685-1750): Der Geist hilft unserer Schwachheit auf BWV 226 f\u00fcr zwei vierstimmige Ch\u00f6re a capella Ich lasse dich nicht, du segnest mich denn Heinrich Sch\u00fctz: (1585-1672) Herr, wenn ich nur dich habe SWV 280 f\u00fcr zwei vierstimmige Ch\u00f6re a capella Deutsches Magnificat SWV 494 119. Psalm in &hellip; <\/p>\n<p class=\"link-more\"><a href=\"https:\/\/www.singakademie-stuttgart.de\/index.php\/konzerte\/01-07-2017-kilianskirche-heilbronn\/\" class=\"more-link\"><span class=\"screen-reader-text\">\u201e01.07.2017 &#8211; Kilianskirche Heilbronn\u201c<\/span> weiterlesen<\/a><\/p>\n","protected":false},"author":1,"featured_media":0,"parent":35,"menu_order":1704,"comment_status":"closed","ping_status":"closed","template":"","meta":{"footnotes":""},"class_list":["post-199","page","type-page","status-publish","hentry"],"_links":{"self":[{"href":"https:\/\/www.singakademie-stuttgart.de\/index.php\/wp-json\/wp\/v2\/pages\/199","targetHints":{"allow":["GET"]}}],"collection":[{"href":"https:\/\/www.singakademie-stuttgart.de\/index.php\/wp-json\/wp\/v2\/pages"}],"about":[{"href":"https:\/\/www.singakademie-stuttgart.de\/index.php\/wp-json\/wp\/v2\/types\/page"}],"author":[{"embeddable":true,"href":"https:\/\/www.singakademie-stuttgart.de\/index.php\/wp-json\/wp\/v2\/users\/1"}],"replies":[{"embeddable":true,"href":"https:\/\/www.singakademie-stuttgart.de\/index.php\/wp-json\/wp\/v2\/comments?post=199"}],"version-history":[{"count":4,"href":"https:\/\/www.singakademie-stuttgart.de\/index.php\/wp-json\/wp\/v2\/pages\/199\/revisions"}],"predecessor-version":[{"id":970,"href":"https:\/\/www.singakademie-stuttgart.de\/index.php\/wp-json\/wp\/v2\/pages\/199\/revisions\/970"}],"up":[{"embeddable":true,"href":"https:\/\/www.singakademie-stuttgart.de\/index.php\/wp-json\/wp\/v2\/pages\/35"}],"wp:attachment":[{"href":"https:\/\/www.singakademie-stuttgart.de\/index.php\/wp-json\/wp\/v2\/media?parent=199"}],"curies":[{"name":"wp","href":"https:\/\/api.w.org\/{rel}","templated":true}]}}