{"id":1853,"date":"2019-12-31T11:59:55","date_gmt":"2019-12-31T10:59:55","guid":{"rendered":"https:\/\/www.singakademie-stuttgart.de\/?page_id=1853"},"modified":"2020-03-13T19:24:42","modified_gmt":"2020-03-13T18:24:42","slug":"04-04-2020-gaisburger-kirche-stuttgart","status":"publish","type":"page","link":"https:\/\/www.singakademie-stuttgart.de\/index.php\/konzerte\/04-04-2020-gaisburger-kirche-stuttgart\/","title":{"rendered":"04.+05.04.2020 &#8211; Gaisburger Kirche Stuttgart"},"content":{"rendered":"\t\t<div data-elementor-type=\"wp-page\" data-elementor-id=\"1853\" class=\"elementor elementor-1853\" data-elementor-post-type=\"page\">\n\t\t\t\t\t\t<section class=\"elementor-section elementor-top-section elementor-element elementor-element-70f52294 elementor-section-boxed elementor-section-height-default elementor-section-height-default\" data-id=\"70f52294\" data-element_type=\"section\" data-e-type=\"section\">\n\t\t\t\t\t\t<div class=\"elementor-container elementor-column-gap-default\">\n\t\t\t\t\t<div class=\"elementor-column elementor-col-100 elementor-top-column elementor-element elementor-element-6f0a51cb\" data-id=\"6f0a51cb\" data-element_type=\"column\" data-e-type=\"column\">\n\t\t\t<div class=\"elementor-widget-wrap elementor-element-populated\">\n\t\t\t\t\t\t<div class=\"elementor-element elementor-element-269461c0 elementor-widget elementor-widget-text-editor\" data-id=\"269461c0\" data-element_type=\"widget\" data-e-type=\"widget\" data-widget_type=\"text-editor.default\">\n\t\t\t\t<div class=\"elementor-widget-container\">\n\t\t\t\t\t\t\t\t\t<h2>Requiem<\/h2>\t\t\t\t\t\t\t\t<\/div>\n\t\t\t\t<\/div>\n\t\t\t\t<div class=\"elementor-element elementor-element-c55cad9 elementor-widget elementor-widget-text-editor\" data-id=\"c55cad9\" data-element_type=\"widget\" data-e-type=\"widget\" data-widget_type=\"text-editor.default\">\n\t\t\t\t<div class=\"elementor-widget-container\">\n\t\t\t\t\t\t\t\t\t<p style=\"text-align: center;\"><strong>Kooperation mit dem Sinfonischen Jugendblasorchester der Stuttgarter Musikschule<\/strong><\/p>\t\t\t\t\t\t\t\t<\/div>\n\t\t\t\t<\/div>\n\t\t\t\t<section class=\"elementor-section elementor-inner-section elementor-element elementor-element-64aae912 elementor-section-boxed elementor-section-height-default elementor-section-height-default\" data-id=\"64aae912\" data-element_type=\"section\" data-e-type=\"section\">\n\t\t\t\t\t\t<div class=\"elementor-container elementor-column-gap-default\">\n\t\t\t\t\t<div class=\"elementor-column elementor-col-100 elementor-inner-column elementor-element elementor-element-6f50f1fd\" data-id=\"6f50f1fd\" data-element_type=\"column\" data-e-type=\"column\">\n\t\t\t<div class=\"elementor-widget-wrap elementor-element-populated\">\n\t\t\t\t\t\t<div class=\"elementor-element elementor-element-1f35b49a elementor-widget elementor-widget-text-editor\" data-id=\"1f35b49a\" data-element_type=\"widget\" data-e-type=\"widget\" data-widget_type=\"text-editor.default\">\n\t\t\t\t<div class=\"elementor-widget-container\">\n\t\t\t\t\t\t\t\t\t<h3>Programm<\/h3><ul><li><b>Rolf Rudin <\/b>(*1961):<br \/><em>Requiem <\/em>(2005) op. 70, f\u00fcr gemischten Chor und Sinfonisches Blasorchester<\/li><\/ul><ul><li><b>Gustav Mahler\u00a0<\/b>(1860-1911) arr. Clytus Gottwald (*1925):<br \/><em>Urlicht<\/em><\/li><\/ul><ul><li><b>Felix Mendelsohn-Bartholdy <\/b>(1809-1847):<br \/><em>Warum toben die Heiden<\/em> f\u00fcr Chor a cappella<\/li><\/ul><ul><li><b>Eric Whitacre <\/b>(*1970):<br \/><em>Cloudburst<\/em> (1995\/2001) f\u00fcr Sinfonisches Blasorchester<\/li><\/ul><h3>Leitung: Stefan Weible und Alexander Beer<\/h3>\t\t\t\t\t\t\t\t<\/div>\n\t\t\t\t<\/div>\n\t\t\t\t\t<\/div>\n\t\t<\/div>\n\t\t\t\t\t<\/div>\n\t\t<\/section>\n\t\t\t\t\t<\/div>\n\t\t<\/div>\n\t\t\t\t\t<\/div>\n\t\t<\/section>\n\t\t\t\t<section class=\"elementor-section elementor-top-section elementor-element elementor-element-56b4be2d elementor-section-boxed elementor-section-height-default elementor-section-height-default\" data-id=\"56b4be2d\" data-element_type=\"section\" data-e-type=\"section\" data-settings=\"{&quot;background_background&quot;:&quot;classic&quot;}\">\n\t\t\t\t\t\t<div class=\"elementor-container elementor-column-gap-wide\">\n\t\t\t\t\t<div class=\"elementor-column elementor-col-33 elementor-top-column elementor-element elementor-element-45957b33\" data-id=\"45957b33\" data-element_type=\"column\" data-e-type=\"column\">\n\t\t\t<div class=\"elementor-widget-wrap elementor-element-populated\">\n\t\t\t\t\t\t<div class=\"elementor-element elementor-element-5f191a7c elementor-view-default elementor-widget elementor-widget-icon\" data-id=\"5f191a7c\" data-element_type=\"widget\" data-e-type=\"widget\" data-widget_type=\"icon.default\">\n\t\t\t\t<div class=\"elementor-widget-container\">\n\t\t\t\t\t\t\t<div class=\"elementor-icon-wrapper\">\n\t\t\t<div class=\"elementor-icon\">\n\t\t\t\t\t\t\t<i class=\"fa fa-institution\" aria-hidden=\"true\"><\/i>\n\t\t\t\t\t\t<\/div>\n\t\t<\/div>\n\t\t\t\t\t\t<\/div>\n\t\t\t\t<\/div>\n\t\t\t\t<div class=\"elementor-element elementor-element-600beca7 elementor-widget elementor-widget-text-editor\" data-id=\"600beca7\" data-element_type=\"widget\" data-e-type=\"widget\" data-widget_type=\"text-editor.default\">\n\t\t\t\t<div class=\"elementor-widget-container\">\n\t\t\t\t\t\t\t\t\t<p>Gaisburger Kirche<br \/>Faberstr. 16<br \/><span class=\"LrzXr\">70188 Stuttgart<\/span><\/p>\t\t\t\t\t\t\t\t<\/div>\n\t\t\t\t<\/div>\n\t\t\t\t\t<\/div>\n\t\t<\/div>\n\t\t\t\t<div class=\"elementor-column elementor-col-33 elementor-top-column elementor-element elementor-element-134ea757\" data-id=\"134ea757\" data-element_type=\"column\" data-e-type=\"column\">\n\t\t\t<div class=\"elementor-widget-wrap elementor-element-populated\">\n\t\t\t\t\t\t<div class=\"elementor-element elementor-element-1c129442 elementor-view-default elementor-widget elementor-widget-icon\" data-id=\"1c129442\" data-element_type=\"widget\" data-e-type=\"widget\" data-widget_type=\"icon.default\">\n\t\t\t\t<div class=\"elementor-widget-container\">\n\t\t\t\t\t\t\t<div class=\"elementor-icon-wrapper\">\n\t\t\t<div class=\"elementor-icon\">\n\t\t\t\t\t\t\t<i class=\"fa fa-calendar\" aria-hidden=\"true\"><\/i>\n\t\t\t\t\t\t<\/div>\n\t\t<\/div>\n\t\t\t\t\t\t<\/div>\n\t\t\t\t<\/div>\n\t\t\t\t<div class=\"elementor-element elementor-element-4e5dc9a0 elementor-widget elementor-widget-text-editor\" data-id=\"4e5dc9a0\" data-element_type=\"widget\" data-e-type=\"widget\" data-widget_type=\"text-editor.default\">\n\t\t\t\t<div class=\"elementor-widget-container\">\n\t\t\t\t\t\t\t\t\t<p style=\"text-align: center;\">Samstag, 4. April 2020<br \/>Beginn: 19 Uhr<\/p><p style=\"text-align: center;\">Sonntag, 5. April 2020<br \/>Beginn: 17 Uhr<\/p>\t\t\t\t\t\t\t\t<\/div>\n\t\t\t\t<\/div>\n\t\t\t\t<div class=\"elementor-element elementor-element-309a05a elementor-widget elementor-widget-text-editor\" data-id=\"309a05a\" data-element_type=\"widget\" data-e-type=\"widget\" data-widget_type=\"text-editor.default\">\n\t\t\t\t<div class=\"elementor-widget-container\">\n\t\t\t\t\t\t\t\t\t<p style=\"text-align: center;\">\u00d6ffnung der Abendkasse<br \/>jeweils 45 Minuten<br \/>vor Konzertbeginn<\/p>\t\t\t\t\t\t\t\t<\/div>\n\t\t\t\t<\/div>\n\t\t\t\t\t<\/div>\n\t\t<\/div>\n\t\t\t\t<div class=\"elementor-column elementor-col-33 elementor-top-column elementor-element elementor-element-331803ed\" data-id=\"331803ed\" data-element_type=\"column\" data-e-type=\"column\">\n\t\t\t<div class=\"elementor-widget-wrap elementor-element-populated\">\n\t\t\t\t\t\t<div class=\"elementor-element elementor-element-1b6a98c4 elementor-view-default elementor-widget elementor-widget-icon\" data-id=\"1b6a98c4\" data-element_type=\"widget\" data-e-type=\"widget\" data-widget_type=\"icon.default\">\n\t\t\t\t<div class=\"elementor-widget-container\">\n\t\t\t\t\t\t\t<div class=\"elementor-icon-wrapper\">\n\t\t\t<div class=\"elementor-icon\">\n\t\t\t\t\t\t\t<i class=\"fa fa-ticket\" aria-hidden=\"true\"><\/i>\n\t\t\t\t\t\t<\/div>\n\t\t<\/div>\n\t\t\t\t\t\t<\/div>\n\t\t\t\t<\/div>\n\t\t\t\t<div class=\"elementor-element elementor-element-38b21a28 elementor-widget elementor-widget-text-editor\" data-id=\"38b21a28\" data-element_type=\"widget\" data-e-type=\"widget\" data-widget_type=\"text-editor.default\">\n\t\t\t\t<div class=\"elementor-widget-container\">\n\t\t\t\t\t\t\t\t\t<p style=\"text-align: center;\">\u20ac 15,- \/ \u20ac 7,-<\/p><p style=\"text-align: center;\">erm\u00e4\u00dfigt f\u00fcr Sch\u00fcler,<br \/>Studierende und Azubi<\/p><p style=\"text-align: center;\">Kinder bis 16 Jahren<br \/>haben freien Eintritt<\/p>\t\t\t\t\t\t\t\t<\/div>\n\t\t\t\t<\/div>\n\t\t\t\t\t<\/div>\n\t\t<\/div>\n\t\t\t\t\t<\/div>\n\t\t<\/section>\n\t\t\t\t<section class=\"elementor-section elementor-top-section elementor-element elementor-element-380c00f6 elementor-section-boxed elementor-section-height-default elementor-section-height-default\" data-id=\"380c00f6\" data-element_type=\"section\" data-e-type=\"section\">\n\t\t\t\t\t\t<div class=\"elementor-container elementor-column-gap-no\">\n\t\t\t\t\t<div class=\"elementor-column elementor-col-100 elementor-top-column elementor-element elementor-element-10d4d139\" data-id=\"10d4d139\" data-element_type=\"column\" data-e-type=\"column\">\n\t\t\t<div class=\"elementor-widget-wrap elementor-element-populated\">\n\t\t\t\t\t\t<div class=\"elementor-element elementor-element-b67187e elementor-widget elementor-widget-google_maps\" data-id=\"b67187e\" data-element_type=\"widget\" data-e-type=\"widget\" data-widget_type=\"google_maps.default\">\n\t\t\t\t<div class=\"elementor-widget-container\">\n\t\t\t\t\t\t\t<div class=\"elementor-custom-embed\">\n\t\t\t<iframe loading=\"lazy\"\n\t\t\t\t\tsrc=\"https:\/\/maps.google.com\/maps?q=Gaisburger%20Kirche%2070188%20Stuttgart&#038;t=m&#038;z=10&#038;output=embed&#038;iwloc=near\"\n\t\t\t\t\ttitle=\"Gaisburger Kirche 70188 Stuttgart\"\n\t\t\t\t\taria-label=\"Gaisburger Kirche 70188 Stuttgart\"\n\t\t\t><\/iframe>\n\t\t<\/div>\n\t\t\t\t\t\t<\/div>\n\t\t\t\t<\/div>\n\t\t\t\t\t<\/div>\n\t\t<\/div>\n\t\t\t\t\t<\/div>\n\t\t<\/section>\n\t\t\t\t<\/div>\n\t\t","protected":false},"excerpt":{"rendered":"<p>Requiem Kooperation mit dem Sinfonischen Jugendblasorchester der Stuttgarter Musikschule Programm Rolf Rudin (*1961):Requiem (2005) op. 70, f\u00fcr gemischten Chor und Sinfonisches Blasorchester Gustav Mahler\u00a0(1860-1911) arr. Clytus Gottwald (*1925):Urlicht Felix Mendelsohn-Bartholdy (1809-1847):Warum toben die Heiden f\u00fcr Chor a cappella Eric Whitacre (*1970):Cloudburst (1995\/2001) f\u00fcr Sinfonisches Blasorchester Leitung: Stefan Weible und Alexander Beer Gaisburger KircheFaberstr. 1670188 Stuttgart &hellip; <\/p>\n<p class=\"link-more\"><a href=\"https:\/\/www.singakademie-stuttgart.de\/index.php\/konzerte\/04-04-2020-gaisburger-kirche-stuttgart\/\" class=\"more-link\"><span class=\"screen-reader-text\">\u201e04.+05.04.2020 &#8211; Gaisburger Kirche Stuttgart\u201c<\/span> weiterlesen<\/a><\/p>\n","protected":false},"author":3,"featured_media":1905,"parent":35,"menu_order":2010,"comment_status":"closed","ping_status":"closed","template":"","meta":{"footnotes":""},"class_list":["post-1853","page","type-page","status-publish","has-post-thumbnail","hentry"],"_links":{"self":[{"href":"https:\/\/www.singakademie-stuttgart.de\/index.php\/wp-json\/wp\/v2\/pages\/1853","targetHints":{"allow":["GET"]}}],"collection":[{"href":"https:\/\/www.singakademie-stuttgart.de\/index.php\/wp-json\/wp\/v2\/pages"}],"about":[{"href":"https:\/\/www.singakademie-stuttgart.de\/index.php\/wp-json\/wp\/v2\/types\/page"}],"author":[{"embeddable":true,"href":"https:\/\/www.singakademie-stuttgart.de\/index.php\/wp-json\/wp\/v2\/users\/3"}],"replies":[{"embeddable":true,"href":"https:\/\/www.singakademie-stuttgart.de\/index.php\/wp-json\/wp\/v2\/comments?post=1853"}],"version-history":[{"count":5,"href":"https:\/\/www.singakademie-stuttgart.de\/index.php\/wp-json\/wp\/v2\/pages\/1853\/revisions"}],"predecessor-version":[{"id":2155,"href":"https:\/\/www.singakademie-stuttgart.de\/index.php\/wp-json\/wp\/v2\/pages\/1853\/revisions\/2155"}],"up":[{"embeddable":true,"href":"https:\/\/www.singakademie-stuttgart.de\/index.php\/wp-json\/wp\/v2\/pages\/35"}],"wp:featuredmedia":[{"embeddable":true,"href":"https:\/\/www.singakademie-stuttgart.de\/index.php\/wp-json\/wp\/v2\/media\/1905"}],"wp:attachment":[{"href":"https:\/\/www.singakademie-stuttgart.de\/index.php\/wp-json\/wp\/v2\/media?parent=1853"}],"curies":[{"name":"wp","href":"https:\/\/api.w.org\/{rel}","templated":true}]}}

<div data-elementor-type="wp-page" data-elementor-id="1853" class="elementor elementor-1853" data-elementor-post-type="page">
						<section class="elementor-section elementor-top-section elementor-element elementor-element-70f52294 elementor-section-boxed elementor-section-height-default elementor-section-height-default" data-id="70f52294" data-element_type="section" data-e-type="section">
						<div class="elementor-container elementor-column-gap-default">
					<div class="elementor-column elementor-col-100 elementor-top-column elementor-element elementor-element-6f0a51cb" data-id="6f0a51cb" data-element_type="column" data-e-type="column">
			<div class="elementor-widget-wrap elementor-element-populated">
						<div class="elementor-element elementor-element-269461c0 elementor-widget elementor-widget-text-editor" data-id="269461c0" data-element_type="widget" data-e-type="widget" data-widget_type="text-editor.default">
				<div class="elementor-widget-container">
									<h2>Requiem</h2>								</div>
				</div>
				<div class="elementor-element elementor-element-c55cad9 elementor-widget elementor-widget-text-editor" data-id="c55cad9" data-element_type="widget" data-e-type="widget" data-widget_type="text-editor.default">
				<div class="elementor-widget-container">
									<p style="text-align: center;"><strong>Kooperation mit dem Sinfonischen Jugendblasorchester der Stuttgarter Musikschule</strong></p>								</div>
				</div>
				<section class="elementor-section elementor-inner-section elementor-element elementor-element-64aae912 elementor-section-boxed elementor-section-height-default elementor-section-height-default" data-id="64aae912" data-element_type="section" data-e-type="section">
						<div class="elementor-container elementor-column-gap-default">
					<div class="elementor-column elementor-col-100 elementor-inner-column elementor-element elementor-element-6f50f1fd" data-id="6f50f1fd" data-element_type="column" data-e-type="column">
			<div class="elementor-widget-wrap elementor-element-populated">
						<div class="elementor-element elementor-element-1f35b49a elementor-widget elementor-widget-text-editor" data-id="1f35b49a" data-element_type="widget" data-e-type="widget" data-widget_type="text-editor.default">
				<div class="elementor-widget-container">
									<h3>Programm</h3><ul><li><b>Rolf Rudin </b>(*1961):<br /><em>Requiem </em>(2005) op. 70, für gemischten Chor und Sinfonisches Blasorchester</li></ul><ul><li><b>Gustav Mahler </b>(1860-1911) arr. Clytus Gottwald (*1925):<br /><em>Urlicht</em></li></ul><ul><li><b>Felix Mendelsohn-Bartholdy </b>(1809-1847):<br /><em>Warum toben die Heiden</em> für Chor a cappella</li></ul><ul><li><b>Eric Whitacre </b>(*1970):<br /><em>Cloudburst</em> (1995/2001) für Sinfonisches Blasorchester</li></ul><h3>Leitung: Stefan Weible und Alexander Beer</h3>								</div>
				</div>
					</div>
		</div>
					</div>
		</section>
					</div>
		</div>
					</div>
		</section>
				<section class="elementor-section elementor-top-section elementor-element elementor-element-56b4be2d elementor-section-boxed elementor-section-height-default elementor-section-height-default" data-id="56b4be2d" data-element_type="section" data-e-type="section" data-settings="{&quot;background_background&quot;:&quot;classic&quot;}">
						<div class="elementor-container elementor-column-gap-wide">
					<div class="elementor-column elementor-col-33 elementor-top-column elementor-element elementor-element-45957b33" data-id="45957b33" data-element_type="column" data-e-type="column">
			<div class="elementor-widget-wrap elementor-element-populated">
						<div class="elementor-element elementor-element-5f191a7c elementor-view-default elementor-widget elementor-widget-icon" data-id="5f191a7c" data-element_type="widget" data-e-type="widget" data-widget_type="icon.default">
				<div class="elementor-widget-container">
							<div class="elementor-icon-wrapper">
			<div class="elementor-icon">
							<i class="fa fa-institution" aria-hidden="true"></i>
						</div>
		</div>
						</div>
				</div>
				<div class="elementor-element elementor-element-600beca7 elementor-widget elementor-widget-text-editor" data-id="600beca7" data-element_type="widget" data-e-type="widget" data-widget_type="text-editor.default">
				<div class="elementor-widget-container">
									<p>Gaisburger Kirche<br />Faberstr. 16<br /><span class="LrzXr">70188 Stuttgart</span></p>								</div>
				</div>
					</div>
		</div>
				<div class="elementor-column elementor-col-33 elementor-top-column elementor-element elementor-element-134ea757" data-id="134ea757" data-element_type="column" data-e-type="column">
			<div class="elementor-widget-wrap elementor-element-populated">
						<div class="elementor-element elementor-element-1c129442 elementor-view-default elementor-widget elementor-widget-icon" data-id="1c129442" data-element_type="widget" data-e-type="widget" data-widget_type="icon.default">
				<div class="elementor-widget-container">
							<div class="elementor-icon-wrapper">
			<div class="elementor-icon">
							<i class="fa fa-calendar" aria-hidden="true"></i>
						</div>
		</div>
						</div>
				</div>
				<div class="elementor-element elementor-element-4e5dc9a0 elementor-widget elementor-widget-text-editor" data-id="4e5dc9a0" data-element_type="widget" data-e-type="widget" data-widget_type="text-editor.default">
				<div class="elementor-widget-container">
									<p style="text-align: center;">Samstag, 4. April 2020<br />Beginn: 19 Uhr</p><p style="text-align: center;">Sonntag, 5. April 2020<br />Beginn: 17 Uhr</p>								</div>
				</div>
				<div class="elementor-element elementor-element-309a05a elementor-widget elementor-widget-text-editor" data-id="309a05a" data-element_type="widget" data-e-type="widget" data-widget_type="text-editor.default">
				<div class="elementor-widget-container">
									<p style="text-align: center;">Öffnung der Abendkasse<br />jeweils 45 Minuten<br />vor Konzertbeginn</p>								</div>
				</div>
					</div>
		</div>
				<div class="elementor-column elementor-col-33 elementor-top-column elementor-element elementor-element-331803ed" data-id="331803ed" data-element_type="column" data-e-type="column">
			<div class="elementor-widget-wrap elementor-element-populated">
						<div class="elementor-element elementor-element-1b6a98c4 elementor-view-default elementor-widget elementor-widget-icon" data-id="1b6a98c4" data-element_type="widget" data-e-type="widget" data-widget_type="icon.default">
				<div class="elementor-widget-container">
							<div class="elementor-icon-wrapper">
			<div class="elementor-icon">
							<i class="fa fa-ticket" aria-hidden="true"></i>
						</div>
		</div>
						</div>
				</div>
				<div class="elementor-element elementor-element-38b21a28 elementor-widget elementor-widget-text-editor" data-id="38b21a28" data-element_type="widget" data-e-type="widget" data-widget_type="text-editor.default">
				<div class="elementor-widget-container">
									<p style="text-align: center;">€ 15,- / € 7,-</p><p style="text-align: center;">ermäßigt für Schüler,<br />Studierende und Azubi</p><p style="text-align: center;">Kinder bis 16 Jahren<br />haben freien Eintritt</p>								</div>
				</div>
					</div>
		</div>
					</div>
		</section>
				<section class="elementor-section elementor-top-section elementor-element elementor-element-380c00f6 elementor-section-boxed elementor-section-height-default elementor-section-height-default" data-id="380c00f6" data-element_type="section" data-e-type="section">
						<div class="elementor-container elementor-column-gap-no">
					<div class="elementor-column elementor-col-100 elementor-top-column elementor-element elementor-element-10d4d139" data-id="10d4d139" data-element_type="column" data-e-type="column">
			<div class="elementor-widget-wrap elementor-element-populated">
						<div class="elementor-element elementor-element-b67187e elementor-widget elementor-widget-google_maps" data-id="b67187e" data-element_type="widget" data-e-type="widget" data-widget_type="google_maps.default">
				<div class="elementor-widget-container">
							<div class="elementor-custom-embed">
			<iframe loading="lazy"
					src="https://maps.google.com/maps?q=Gaisburger%20Kirche%2070188%20Stuttgart&#038;t=m&#038;z=10&#038;output=embed&#038;iwloc=near"
					title="Gaisburger Kirche 70188 Stuttgart"
					aria-label="Gaisburger Kirche 70188 Stuttgart"
			></iframe>
		</div>
						</div>
				</div>
					</div>
		</div>
					</div>
		</section>
				</div>

<p>Requiem Kooperation mit dem Sinfonischen Jugendblasorchester der Stuttgarter Musikschule Programm Rolf Rudin (*1961):Requiem (2005) op. 70, für gemischten Chor und Sinfonisches Blasorchester Gustav Mahler (1860-1911) arr. Clytus Gottwald (*1925):Urlicht Felix Mendelsohn-Bartholdy (1809-1847):Warum toben die Heiden für Chor a cappella Eric Whitacre (*1970):Cloudburst (1995/2001) für Sinfonisches Blasorchester Leitung: Stefan Weible und Alexander Beer Gaisburger KircheFaberstr. 1670188 Stuttgart &hellip; </p>
<p class="link-more"><a href="https://www.singakademie-stuttgart.de/index.php/konzerte/04-04-2020-gaisburger-kirche-stuttgart/" class="more-link"><span class="screen-reader-text">„04.+05.04.2020 &#8211; Gaisburger Kirche Stuttgart“</span> weiterlesen</a></p>
